{"id":850,"date":"2020-08-09T22:35:43","date_gmt":"2020-08-10T02:35:43","guid":{"rendered":"https:\/\/marfdisegno.wordpress.com\/?page_id=850"},"modified":"2020-08-09T22:35:43","modified_gmt":"2020-08-10T02:35:43","slug":"inzzpira","status":"publish","type":"page","link":"https:\/\/pruebas.marfdisegno.com\/index.php\/marcas\/inzzpira\/","title":{"rendered":"Inzzpira"},"content":{"rendered":"<p><img decoding=\"async\" src=\"https:\/\/pruebas.marfdisegno.com\/wp-content\/uploads\/2021\/09\/INZZ-IMAGOTIPO-Verde-v26.07.2020.png\" title=\"INZZ IMAGOTIPO Verde v26.07.2020\" alt=\"INZZ IMAGOTIPO Verde v26.07.2020\" loading=\"lazy\" \/><\/p>\n<h2>\ud83d\udc9a Inspiraci\u00f3n Natural<\/h2>\n<p>INZZPIRA\u00a0(Formalmente\u00a0INZZPIRA MEDIOS) es una plataforma tem\u00e1tica sobre la Naturaleza; el dise\u00f1o verde, flora y fauna, materiales, colores, formas y texturas naturales. Se centra en productos y contenidos f\u00edsicos y digitales, mezclando el dise\u00f1o con la naturaleza.<\/p>\n<p>Los contenidos son ofrecidos a trav\u00e9s del sitio INZZPIRA.COM, INZZPIRA\u00a0 BLOG en blogger, INZZPIRA \u00c9XPEDITION en pinterest y tambi\u00e9n en instagram, facebook, ello y tiktok.<\/p>\n<p>Detalle: Dise\u00f1o gr\u00e1fico, gesti\u00f3n redes sociales, creaci\u00f3n de: afiches, gr\u00e1ficas, ediciones, p\u00e1ginas y sitios web, fotograf\u00eda, edici\u00f3n fotogr\u00e1fica, art\u00edculos decorativos e impresos, art\u00edculos de dise\u00f1o en base a materiales naturales y reciclados, cr\u00eda y venta de plantas e insumos relacionados.<\/p>\n<p>\t\t\t<a href=\"https:\/\/inzzpira.marfdisegno.com\/\" target=\"_blank\" rel=\"nofollow noopener\" role=\"button\"><br \/>\n\t\t\t\t\t\tTodos los Enlaces<br \/>\n\t\t\t\t\t<\/a><\/p>\n<h2>Destacados<\/h2>\n<h2>Marcas &#038; Series<\/h2>\n<p>\t\t\t\t\t<a href=\"https:\/\/inzzpira.blogspot.com\/\" target=\"_blank\" rel=\"nofollow noopener\"><br \/>\n\t\t\t\t\t\tContenidos e im\u00e1genes presentados en detalle y en formato m\u00e1s amplio<br \/>\n\t\t\t\t\t\tVer<br \/>\n\t\t\t\t\t\t<\/a><br \/>\n\t\t\t\t\t<a href=\"https:\/\/www.inzzpira.com\/vivero\" target=\"_blank\" rel=\"nofollow noopener\"><br \/>\n\t\t\t\t\t\tNuestro vivero donde producimos nuestras plantas y otros insumos relacionados<br \/>\n\t\t\t\t\t\tVer<br \/>\n\t\t\t\t\t\t<\/a><br \/>\n\t\t\t\t\t<a href=\"https:\/\/www.pinterest.es\/marfdisegno\/inzzpira-inspiraci%C3%B3n\/\" target=\"_blank\" rel=\"nofollow noopener\"><br \/>\n\t\t\t\t\t\tColecci\u00f3n de im\u00e1genes sobre naturaleza, paisajes, flora y fauna, texturas y otros<br \/>\n\t\t\t\t\t\tVer<br \/>\n\t\t\t\t\t\t<\/a><br \/>\n\t\t\t\t\t<a href=\"https:\/\/inzzpira.com\/tienda\" target=\"_blank\" rel=\"nofollow noopener\"><br \/>\n\t\t\t\t\t\tSoporte multiplataforma para la venta de plantas y otros productos relacionados<br \/>\n\t\t\t\t\t\tVer<br \/>\n\t\t\t\t\t\t<\/a><br \/>\n\t\t\t\t\t<a href=\"https:\/\/inzzpira.com\/\" target=\"_blank\" rel=\"nofollow noopener\"><br \/>\n\t\t\t\t\t\tTodo nuestro contenido reunido en un solo lugar. Visita Inzzpira.com<br \/>\n\t\t\t\t\t\tVer<br \/>\n\t\t\t\t\t\t<\/a><br \/>\n\t\t\t\t\t<a href=\"https:\/\/inzzpira.com\/\" target=\"_blank\" rel=\"nofollow noopener\"><br \/>\n\t\t\t\t\t\tGlobe<br \/>\n\t\t\t\t\t\t\t\t\t\t\t<\/a><br \/>\n\t\t\t\t\t<a href=\"https:\/\/www.instagram.com\/inzzpira\/\" target=\"_blank\" rel=\"nofollow noopener\"><br \/>\n\t\t\t\t\t\tInstagram<br \/>\n\t\t\t\t\t\t\t\t\t\t\t<\/a><br \/>\n\t\t\t\t\t<a href=\"https:\/\/www.facebook.com\/inzzpira\" target=\"_blank\" rel=\"nofollow noopener\"><br \/>\n\t\t\t\t\t\tFacebook<br \/>\n\t\t\t\t\t\t\t\t\t\t\t<\/a><br \/>\n\t\t\t\t\t<a href=\"https:\/\/www.pinterest.es\/marfdisegno\/inzzpira-inspiraci%C3%B3n\/\" target=\"_blank\" rel=\"nofollow noopener\"><br \/>\n\t\t\t\t\t\tPinterest<br \/>\n\t\t\t\t\t\t\t\t\t\t\t<\/a><br \/>\n\t\t\t\t\t<a href=\"https:\/\/www.behance.net\/Inzzpira\" target=\"_blank\" rel=\"nofollow noopener\"><br \/>\n\t\t\t\t\t\tBehance<br \/>\n\t\t\t\t\t\t\t\t\t\t\t<\/a><br \/>\n\t\t\t\t\t<a href=\"https:\/\/inzzpira.blogspot.com\/\" target=\"_blank\" rel=\"nofollow noopener\"><br \/>\n\t\t\t\t\t\tBlogger<br \/>\n\t\t\t\t\t\t\t\t\t\t\t<\/a><br \/>\n\t\t\t\t\t<a href=\"https:\/\/ello.co\/inzzpira\" target=\"_blank\" rel=\"nofollow noopener\"><br \/>\n\t\t\t\t\t\tEllo<br \/>\n\t\t\t\t\t\t\t\t\t\t\t<\/a><br \/>\n\t\t\t\t\t<a href=\"https:\/\/t.me\/Inzzpira\" target=\"_blank\" rel=\"nofollow noopener\"><br \/>\n\t\t\t\t\t\tTelegram<br \/>\n\t\t\t\t\t\t\t\t\t\t\t<\/a><br \/>\n\t\t\t\t\t<a href=\"https:\/\/wa.me\/56963447819?text=Hola\" target=\"_blank\" rel=\"nofollow noopener\"><br \/>\n\t\t\t\t\t\tWhatsapp<br \/>\n\t\t\t\t\t\t\t\t\t\t\t<\/a><br \/>\n\t\t\t\t\t<a href=\"https:\/\/www.youtube.com\/playlist?list=PLDTIlk7kJumYfPNeHSq-kgg3MKoNweyqu\" target=\"_blank\" rel=\"nofollow noopener\"><br \/>\n\t\t\t\t\t\tYoutube<br \/>\n\t\t\t\t\t\t\t\t\t\t\t<\/a><br \/>\n\t\t\t\t\t<a href=\"https:\/\/www.tiktok.com\/@inzzpira\" target=\"_blank\" rel=\"nofollow noopener\"><br \/>\n\t\t\t\t\t\tTiktok<br \/>\n\t\t\t\t\t\t\t\t\t\t\t<\/a><\/p>\n","protected":false},"excerpt":{"rendered":"<p>\ud83d\udc9a Inspiraci\u00f3n Natural INZZPIRA\u00a0(Formalmente\u00a0INZZPIRA MEDIOS) es una plataforma tem\u00e1tica sobre la Naturaleza; el dise\u00f1o verde, flora y fauna, materiales, colores, formas y texturas naturales. Se centra en productos y contenidos f\u00edsicos y digitales, mezclando el dise\u00f1o con la naturaleza. Los contenidos son ofrecidos a trav\u00e9s del sitio INZZPIRA.COM, INZZPIRA\u00a0 BLOG en blogger, INZZPIRA \u00c9XPEDITION en [&hellip;]<\/p>\n","protected":false},"author":1,"featured_media":3141,"parent":653,"menu_order":0,"comment_status":"closed","ping_status":"closed","template":"elementor_header_footer","meta":{"footnotes":""},"class_list":["post-850","page","type-page","status-publish","has-post-thumbnail","hentry"],"_links":{"self":[{"href":"https:\/\/pruebas.marfdisegno.com\/index.php\/wp-json\/wp\/v2\/pages\/850","targetHints":{"allow":["GET"]}}],"collection":[{"href":"https:\/\/pruebas.marfdisegno.com\/index.php\/wp-json\/wp\/v2\/pages"}],"about":[{"href":"https:\/\/pruebas.marfdisegno.com\/index.php\/wp-json\/wp\/v2\/types\/page"}],"author":[{"embeddable":true,"href":"https:\/\/pruebas.marfdisegno.com\/index.php\/wp-json\/wp\/v2\/users\/1"}],"replies":[{"embeddable":true,"href":"https:\/\/pruebas.marfdisegno.com\/index.php\/wp-json\/wp\/v2\/comments?post=850"}],"version-history":[{"count":0,"href":"https:\/\/pruebas.marfdisegno.com\/index.php\/wp-json\/wp\/v2\/pages\/850\/revisions"}],"up":[{"embeddable":true,"href":"https:\/\/pruebas.marfdisegno.com\/index.php\/wp-json\/wp\/v2\/pages\/653"}],"wp:featuredmedia":[{"embeddable":true,"href":"https:\/\/pruebas.marfdisegno.com\/index.php\/wp-json\/wp\/v2\/media\/3141"}],"wp:attachment":[{"href":"https:\/\/pruebas.marfdisegno.com\/index.php\/wp-json\/wp\/v2\/media?parent=850"}],"curies":[{"name":"wp","href":"https:\/\/api.w.org\/{rel}","templated":true}]}}